r**3 + r + 1. Let p be j(2). What is the units digit of z(p)?
7
Let x(m) = 2*m**3 + m**2 - m. Let o be x(1). Suppose o*q = -8, -7*y + 50 = -2*y - 5*q. What is the units digit of y?
6
Suppose -t = -2*t + 4*d + 1, 0 = -5*t + 5*d + 20. Suppose x = 4 + t. What is the units digit of x?
9
Let o = 11 + -7. Suppose 32 = -0*h + o*h. What is the units digit of h?
8
Let o(x) = x**3 + 10*x**2 + 15*x + 20. What is the units digit of o(-8)?
8
Let s(a) = 0 + 0 - a**2 - 6*a. Let z be s(-6). Suppose z*x = -x + 4. What is the units digit of x?
4
Let z(n) = -n**3 + 7*n**2 - 4*n + 7. Let v be z(6). Let j = 29 - v. What is the tens digit of j?
1
What is the tens digit of (0 + -21)/(12 + -13)?
2
Let g = -10 + 15. Suppose -g = -3*p + 7. Suppose 3*n - 2*x = 12, -n + 2*x - 4 = p*x. What is the units digit of n?
2
Let z be (-2)/(-3) + 6/(-9). Suppose 3*n + 1 = 2*n. What is the units digit of n/(z - 2/26)?
3
Suppose 5*k = -4*b + 65, 3*k + 3*b - 47 = -b. Let f(y) be the first derivative of -y**3/3 + 5*y**2 - 8*y - 3. What is the units digit of f(k)?
1
Let j be (72/(-10))/(3/10). Let a = -13 - j. What is the tens digit of a?
1
Let z = 15 - 9. Suppose 3*w - 3 = z. Suppose -2*u - 1 = w*y + 4, 5*y = 3*u + 17. What is the units digit of y?
1
Let o(l) = -l**3 - 3*l**2 + 15*l + 13. What is the tens digit of o(-6)?
3
Let v(d) = -4*d + 1. Let r(t) = t**3 - 10*t**2 - t + 8. Let w = 6 - -4. Let x be r(w). What is the units digit of v(x)?
9
Suppose 3*j + 8 = 4*t, 4*t + 2*j = -2*j + 36. What is the units digit of 2/t + 78/5?
6
Suppose 0 = 3*j + 6, 0*l - 5*j = 3*l - 5. Let b be 23/((l + -2)/3). Let p = b - 14. What is the units digit of p?
9
Let n = 268 - -19. What is the hundreds digit of n?
2
Let g(q) = -q**2 + 6*q - 4. Let w be g(8). Let l be (w/(-25))/((-2)/(-20)). What is the tens digit of l + 6/(1 - -2)?
1
Let d = 18 - 8. What is the units digit of d?
0
Let r be ((-28)/(-35))/(4/150). Suppose 2*s = -0*s + r. Suppose 4*o - 39 = 3*k - 0*k, -3*k - s = 0. What is the units digit of o?
6
Let s = -5 + 4. Let a = s + 5. Suppose -4*b + 12 = -8, a*d - b - 11 = 0. What is the units digit of d?
4
Let z(w) = 15*w + 1. Let h be z(2). Let s = h - 15. What is the tens digit of s?
1
Let w be 1/(-3) - 13/(-3). Suppose 0*g - 60 = w*g. Let j = g + 25. What is the tens digit of j?
1
Let y be (0/(-2))/((-10)/5). Let l(h) = 2*h**3 - 4*h**2 - 3*h**3 + y*h - 3*h. What is the tens digit of l(-4)?
1
Let l = -1 - 6. Let u(n) = n**2 + 5*n - 7. What is the units digit of u(l)?
7
Let u(s) = -31*s**3 + s**2 - 2*s + 2. Let f be u(-4). What is the tens digit of (-4)/18 - f/(-54)?
3
Suppose -5*t + 0 = 5. Let b be t*-2*9/6. Suppose m - 2*d = 0, -d = 2 - b. What is the units digit of m?
2
Let d = -16 + 50. What is the tens digit of d?
3
Let j = -13 - -17. Suppose 4*p = -4*m, -6*p + p - m = -8. What is the units digit of ((-21)/(-6))/(p/j)?
7
Suppose -2*g - 5 = -15. Suppose 5*c - 198 = 3*x, -g*c + 5*x + 144 = -56. What is the tens digit of c?
3
Let u(a) = -a**2 + 5*a + 1. Suppose 0*l - 15 = -3*l. Let x be u(l). Suppose 0 = -5*s - 2*t + 9 + x, 4*t = 0. What is the units digit of s?
2
Suppose -3*c = -5*c - 4. What is the units digit of (12*-1)/(3/c)?
8
Let m be 286/4 + 21/(-14). Suppose -m - 5 = -3*x. Let l = x + -15. What is the units digit of l?
0
Suppose 0 = -2*d + 2*v + 8, 2*d - 4*v - 19 = -5. Let u(c) = 28*c. What is the units digit of u(d)?
8
What is the tens digit of (-60)/(-18) + 1/(-3) + 48?
5
Suppose -5*f + 153 = -27. Let x = 56 - f. Suppose 5*y = -3*v - v + x, 0 = 3*y + 5*v - 12. What is the units digit of y?
4
Suppose 6*v - 736 + 34 = 0. What is the units digit of v?
7
Let a = -12 + 22. What is the tens digit of a?
1
What is the tens digit of (-2)/8 + -3*(-1004)/16?
8
Suppose -t - 12 = -3*t. Suppose -3*v + 3 = 12, -14 = -5*a - 2*v. Suppose -p + t = -a. What is the units digit of p?
0
Let j be (-16)/3 - 2/3. Let m(v) = -v**3 - 6*v**2 - 1. Let c be m(j). What is the tens digit of 729/45 - c/(-5)?
1
Let v = 30 - 4. Let u = -21 + v. What is the units digit of u?
5
Suppose -3*i - 63 = -5*b, 46 = -0*b + 4*b + 2*i. Let q = -4 - -7. What is the units digit of (-4)/b + 7/q?
2
Let n be ((-2)/(-3))/((-2)/(-9)). Let y be 2/(-3)*3 + 9. Suppose n*w = 5 + y. What is the units digit of w?
4
Let k be 2/4 - 24/(-16). Suppose -k*l + 1 = 3*c - 6, -3*l = c - 7. Suppose b - 4 = -4*w + c, 0 = -2*b + 5*w + 49. What is the tens digit of b?
1
Suppose -4*m + 97 = -63. What is the units digit of m?
0
Let w = -12 - -17. Let b = w + -3. Suppose b*o - 3*a = 26, -o + 2*o + 3*a + 5 = 0. What is the units digit of o?
7
Let h(z) = -3*z + 4 - z**3 - 4*z + 3*z - 5*z + 10*z**2. Let y be h(9). Suppose 0 = 4*t - 3*l + 10 - 44, -y*l = -5*t + 43. What is the units digit of t?
7
Let d be 10/15 - 4/6. Let m be 4 + -2 - d/4. Suppose -1 = -m*n + 15. What is the units digit of n?
8
Suppose -20*m + 2240 = -2500. What is the units digit of m?
7
Suppose 0 = -j - 5*c - 6, -j = j - 3*c - 14. Suppose 62 = j*t + 10. Suppose 0 = 5*v + 3*i - t, v = -2*i + 6*i + 21. What is the units digit of v?
5
Let n(a) be the first derivative of -a**2/2 + 4*a - 7. What is the tens digit of n(-10)?
1
Suppose 31 = -3*r - 32. What is the tens digit of (31 + -1)/(r/(-28))?
4
Suppose -3*a + 6*a = 15. What is the units digit of a?
5
Let b = -82 + 114. What is the units digit of b?
2
Let z = 69 - -54. Suppose -z = -0*p - 3*p. What is the units digit of p?
1
Let c = -9 + 10. What is the units digit of c?
1
Let a be (-1)/(22/(-10) - -2). Suppose -4*f + a*f = 1. What is the units digit of f?
1
Suppose 2*c + 0*c - 10 = 0. Suppose c*j - 2*h = 55, 0 = 3*j - 0*h - 4*h - 19. What is the units digit of j?
3
Let g = 8 + -6. Let o = 9 - g. What is the units digit of o?
7
Suppose 3*y - 4*f - 26 = 0, 0 = -5*y + 3*f - 0*f + 25. Suppose 4*s = s + 3*p, -y*s + 9 = p. Suppose 0 = d + s*d - 32. What is the units digit of d?
8
Suppose -2*r + 0*r + 8 = 0. Suppose 0*p - r*p = 0. Suppose -25 = -5*u - p*u. What is the units digit of u?
5
Let i(m) = -m**2 + 3 - 6*m - 1 - 8. Let d = -2 - 2. What is the units digit of i(d)?
2
Let w(a) = 63*a - 3. What is the tens digit of w(1)?
6
What is the units digit of (51 - (2 + -2)) + -1?
0
What is the tens digit of ((-82)/10)/(3 + 80/(-25))?
4
Suppose 3*x - 309 = -3*h, -3*h + 407 + 102 = 5*x. What is the hundreds digit of x?
1
Let b be (-15)/(-6) - 1/2. Suppose 3*o - o - b*g = 28, 2*o - 4*g - 26 = 0. What is the units digit of o?
5
Suppose 49 = 4*d - 175. What is the units digit of d?
6
What is the units digit of (-5)/((-4)/(5*4))?
5
Let g(b) = -5*b. Let v be g(-1). Suppose -2*t = 6*h - h - 76, v*h + 56 = 2*t. Suppose -t = -5*o + 2. What is the units digit of o?
7
Suppose 5*o - 4*o = -4*w + 392, 0 = 2*w - o - 196. What is the tens digit of w?
9
Let w be (-8)/24 - (-208)/(-6). Let u = w - -72. What is the tens digit of u?
3
Suppose 5*r = k + 23, 0*r + 3*r = -4*k + 23. Let w be (-112)/(-18) - k/9. Let x = w - 3. What is the units digit of x?
3
Let a(c) = -c**2 + 9*c - 10. Let d be a(8). What is the units digit of (d - 0)/((-6)/57)?
9
Let i = 111 - 65. What is the tens digit of i?
4
Suppose 0 = -8*b + 7*b + 33. Suppose w = -2*w + b. What is the units digit of w?
1
Let q(i) = 5*i - 5. Let u be 6*2/4 + 4. What is the units digit of q(u)?
0
Suppose -8 = 4*u + u + 3*a, -5*a = -5*u - 40. Let s = u - -5. What is the units digit of (s/2)/(1/6)?
3
Suppose -4*r - 7*f = -2*f + 385, 2*r + f + 185 = 0. Let h be ((-4)/(-6))/((-5)/r). Suppose -t + h = 2. What is the tens digit of t?
1
Let m be 4 + ((-2)/(-3))/(16/(-24)). Let g(n) = -n**3 - 6*n**2 - 6*n. Let t be g(-5). Suppose 5*i - 2 = t*f + 53, -m*i + 13 = f. What is the units digit of i?
6
Suppose -2*m + 7 = a - 1, 4*a = 3*m + 76. What is the tens digit of a?
1
Let a = -16 + 17. Suppose -2*k = -k. Let h = a + k. What is the units digit of h?
1
Suppose -64*a = -67*a + 87. Let g(c) = -c**2 + c + 4. Let t be g(0). Suppose 0 = -5*o + t*b + a, -3*o - 2*b + 31 = -b. What is the units digit of o?
9
Let r(i) = i + 5. Let k(o) = 1. Let v(d) = 11*k(d) - 2*r(d). Suppose 6*q = 4*h + q + 2, -h - 2*q = 7. What is the units digit of v(h)?
7
Suppose z - 2 = -0. Suppose 11 = z*c - 3*b, -5*c - 2*b + 0*b + 18 = 0. Suppose -28 + 12 = -2*s + c*j, -s + 2 = j. What is the units digit of s?
4
Let s be 1*12 - (1 - 1). Let x = s - 1. What is the units